{"id":391,"date":"2023-06-23T15:43:26","date_gmt":"2023-06-23T15:43:26","guid":{"rendered":"https:\/\/lsv-p4f.de\/?page_id=391"},"modified":"2023-07-06T14:33:36","modified_gmt":"2023-07-06T14:33:36","slug":"eu-mercosur-kein-deal-fuer-klima-landwirtschaft-aktion","status":"publish","type":"page","link":"https:\/\/lsv-p4f.de\/index.php\/eu-mercosur-kein-deal-fuer-klima-landwirtschaft-aktion\/","title":{"rendered":"EU Mercosur KEIN DEAL f\u00fcr Klima &#038; Landwirtschaft \u270a Aktion"},"content":{"rendered":"\n<h1 class=\"wp-block-heading\">Aktionstage am 14. und 15. Juli 2023<\/h1>\n\n\n\n<p style=\"font-size:22px\">Am 17. und 18. Juli 2023 treffen sich die Staats- und Regierungschefs auf dem EU-Lateinamerikagipfel in Br\u00fcssel und es wird um das Abkommen gehen. Damit Protest Chance auf Aufmerksamkeit bekommt, haben wir die Aktionstage in zeitlicher N\u00e4he zum Gipfeltreffen gelegt.<\/p>\n\n\n<div class=\"wp-block-image\">\n<figure class=\"aligncenter size-large is-resized\"><img loading=\"lazy\" decoding=\"async\" src=\"https:\/\/lsv-p4f.de\/wp-content\/uploads\/2023\/07\/Aktionstag_Juli_Sharepic_logofrei-1-1024x1024.jpg\" alt=\"\" class=\"wp-image-430\" width=\"537\" height=\"537\" srcset=\"https:\/\/lsv-p4f.de\/wp-content\/uploads\/2023\/07\/Aktionstag_Juli_Sharepic_logofrei-1-1024x1024.jpg 1024w, https:\/\/lsv-p4f.de\/wp-content\/uploads\/2023\/07\/Aktionstag_Juli_Sharepic_logofrei-1-300x300.jpg 300w, https:\/\/lsv-p4f.de\/wp-content\/uploads\/2023\/07\/Aktionstag_Juli_Sharepic_logofrei-1-150x150.jpg 150w, https:\/\/lsv-p4f.de\/wp-content\/uploads\/2023\/07\/Aktionstag_Juli_Sharepic_logofrei-1-768x768.jpg 768w, https:\/\/lsv-p4f.de\/wp-content\/uploads\/2023\/07\/Aktionstag_Juli_Sharepic_logofrei-1-1536x1536.jpg 1536w, https:\/\/lsv-p4f.de\/wp-content\/uploads\/2023\/07\/Aktionstag_Juli_Sharepic_logofrei-1.jpg 1600w\" sizes=\"(max-width: 537px) 100vw, 537px\" \/><figcaption class=\"wp-element-caption\"><em>offizielles Sharepic zum Aktionstag<\/em><\/figcaption><\/figure><\/div>\n\n\n<h2 class=\"wp-block-heading\"><strong>Wie k\u00f6nnt ihr mitmachen?<\/strong> <\/h2>\n\n\n\n<p style=\"font-size:22px\"><strong>Besorgt euch #StopEUMercosur Material <\/strong><\/p>\n\n\n\n<p style=\"font-size:22px\">Bei <a href=\"https:\/\/power-shift.de\/termin\/aktionspaket-postkartenaktion-handelsabkommen-lateinamerika\/\">PowerShift<\/a> und dem <a href=\"https:\/\/umweltinstitut.org\/welt-und-handel\/welt-und-handel-infokampagnen\/mercosur-infokampagne\/\">Umweltinstitut<\/a> k\u00f6nnen <strong>kostenlose <\/strong>Aktionspakete (Sticker, Flyer, etc.) bestellt werden.<\/p>\n\n\n\n<p style=\"font-size:22px\"><strong>Kommt in den Aktionschat<\/strong><br>hier k\u00f6nnt ihr euch vernetzen und bekommt Infos und Material f\u00fcr \u00d6ffentlichkeitsarbeit.<br><a href=\"https:\/\/chat.whatsapp.com\/D3fcZYfj21RCGlWeEikANy\">https:\/\/chat.whatsapp.com\/D3fcZYfj21RCGlWeEikANy<\/a>\u00a0<\/p>\n\n\n\n<p style=\"font-size:22px\"><strong>Schreibt Postkarten an Robert Habeck<\/strong><br>Die Karten gibt es im kostenfreien Aktionspaket \u00fcber <a href=\"https:\/\/power-shift.de\/termin\/aktionspaket-postkartenaktion-handelsabkommen-lateinamerika\/\">PowerShift<\/a> oder <a href=\"https:\/\/umweltinstitut.org\/welt-und-handel\/welt-und-handel-infokampagnen\/mercosur-infokampagne\/\">Umweltinstitut<\/a><br><strong>Macht Infost\u00e4nde auf Bauernm\u00e4rkten<\/strong><br>In den Aktionspaketen ist neben den Karten auch Infomaterial. Wenn ihr die Postkarten am Stand ausf\u00fcllen lasst und geb\u00fcndelt wegschickt, habt ihr es in der Hand, dass sie ankommen. Da der Vertrag am 17.\/18. noch nicht unterschrieben wird, lohnt es sich auch noch nach diesem Termin.<br>Tipp: Macht Ausdrucke mit dem QR-Code zum Abscannen zur Petition gegen EU-Mercosur:<br><a href=\"https:\/\/act.wemove.eu\/campaigns\/no-to-mercosur\">https:\/\/act.wemove.eu\/campaigns\/no-to-mercosur<\/a><\/p>\n\n\n\n<p style=\"font-size:22px\"><strong>Gebt der Lokalpresse etwas zu berichten! <\/strong>Je mehr Artikel deutschlandweit erscheinen, desto besser die Chancen. Hier findet ihr eine Muster-PM vom vergangenen Aktionstag am 26.5.23 als Inspiration oder zum Abwandeln: <a href=\"https:\/\/docs.google.com\/document\/d\/11cgtAVID8LPtvQrCGCuFxf6sj0mplPOX7MnZf9ZgwzM\/edit#\">https:\/\/docs.google.com\/document\/d\/11cgtAVID8LPtvQrCGCuFxf6sj0mplPOX7MnZf9ZgwzM\/edit#<\/a>&nbsp;<\/p>\n\n\n\n<p style=\"font-size:22px\"><strong>Und gebt uns etwas zu berichten<\/strong>: Wir teilen eure Videos, Bilder, Berichte und Termine auch \u00fcber unsere Kan\u00e4le. Einfach Mail mit Anhang an <a href=\"mailto:orga@lsv-p4f.de\">orga@lsv-p4f.de<\/a> oder kommt in den Aktionschat:<br><a href=\"https:\/\/chat.whatsapp.com\/D3fcZYfj21RCGlWeEikANy\">https:\/\/chat.whatsapp.com\/D3fcZYfj21RCGlWeEikANy&nbsp;<\/a><\/p>\n\n\n\n<p style=\"font-size:22px\">Wirksame Aktionsbilder k\u00f6nnen sein: ein landwirtschaftliches Ger\u00e4t, das auf der Stra\u00dfe bspw. symbolisch festgeklebt wird, Traktoren mit Banner, Menschen mit Flaggen der Organisationen und und und &#8230;\u00a0<\/p>\n\n\n\n<p><\/p>\n","protected":false},"excerpt":{"rendered":"<p>Aktionstage am 14. und 15. Juli 2023 Am 17. und 18. Juli 2023 treffen sich die Staats- und Regierungschefs auf dem EU-Lateinamerikagipfel in Br\u00fcssel und es wird um das Abkommen gehen. Damit Protest Chance auf Aufmerksamkeit bekommt, haben wir die Aktionstage in zeitlicher N\u00e4he zum Gipfeltreffen gelegt. Wie k\u00f6nnt ihr mitmachen? Besorgt euch #StopEUMercosur Material Bei PowerShift und dem Umweltinstitut k\u00f6nnen kostenlose Aktionspakete (Sticker, Flyer, etc.) bestellt werden. Kommt in den Aktionschathier k\u00f6nnt ihr euch vernetzen und bekommt Infos und Material f\u00fcr \u00d6ffentlichkeitsarbeit.https:\/\/chat.whatsapp.com\/D3fcZYfj21RCGlWeEikANy\u00a0 Schreibt Postkarten an Robert HabeckDie Karten gibt es im kostenfreien Aktionspaket \u00fcber PowerShift oder UmweltinstitutMacht Infost\u00e4nde auf Bauernm\u00e4rktenIn den Aktionspaketen ist neben den Karten auch Infomaterial. Wenn ihr die Postkarten am Stand ausf\u00fcllen lasst und geb\u00fcndelt wegschickt, habt ihr es in der Hand, dass sie ankommen. Da der Vertrag am 17.\/18. noch nicht unterschrieben wird, lohnt es sich auch noch nach diesem Termin.Tipp: Macht Ausdrucke mit dem&hellip;<\/p>\n<p> <a class=\"more-link\" href=\"https:\/\/lsv-p4f.de\/index.php\/eu-mercosur-kein-deal-fuer-klima-landwirtschaft-aktion\/\">Read more<\/a><\/p>\n","protected":false},"author":1,"featured_media":397,"parent":0,"menu_order":0,"comment_status":"closed","ping_status":"closed","template":"","meta":{"footnotes":""},"_links":{"self":[{"href":"https:\/\/lsv-p4f.de\/index.php\/wp-json\/wp\/v2\/pages\/391"}],"collection":[{"href":"https:\/\/lsv-p4f.de\/index.php\/wp-json\/wp\/v2\/pages"}],"about":[{"href":"https:\/\/lsv-p4f.de\/index.php\/wp-json\/wp\/v2\/types\/page"}],"author":[{"embeddable":true,"href":"https:\/\/lsv-p4f.de\/index.php\/wp-json\/wp\/v2\/users\/1"}],"replies":[{"embeddable":true,"href":"https:\/\/lsv-p4f.de\/index.php\/wp-json\/wp\/v2\/comments?post=391"}],"version-history":[{"count":26,"href":"https:\/\/lsv-p4f.de\/index.php\/wp-json\/wp\/v2\/pages\/391\/revisions"}],"predecessor-version":[{"id":440,"href":"https:\/\/lsv-p4f.de\/index.php\/wp-json\/wp\/v2\/pages\/391\/revisions\/440"}],"wp:featuredmedia":[{"embeddable":true,"href":"https:\/\/lsv-p4f.de\/index.php\/wp-json\/wp\/v2\/media\/397"}],"wp:attachment":[{"href":"https:\/\/lsv-p4f.de\/index.php\/wp-json\/wp\/v2\/media?parent=391"}],"curies":[{"name":"wp","href":"https:\/\/api.w.org\/{rel}","templated":true}]}}