{"id":115,"date":"2023-01-20T13:08:00","date_gmt":"2023-01-20T13:08:00","guid":{"rendered":"https:\/\/lsv-p4f.de\/?page_id=115"},"modified":"2023-02-19T12:03:10","modified_gmt":"2023-02-19T12:03:10","slug":"echte-foerderung-regionaler-lebensmittel","status":"publish","type":"page","link":"https:\/\/lsv-p4f.de\/index.php\/echte-foerderung-regionaler-lebensmittel\/","title":{"rendered":"Echte F\u00f6rderung regionaler Lebensmittel"},"content":{"rendered":"<div class=\"wp-block-image\">\n<figure class=\"alignleft size-medium\"><img loading=\"lazy\" decoding=\"async\" width=\"300\" height=\"300\" src=\"https:\/\/lsv-p4f.de\/wp-content\/uploads\/2023\/01\/IMG-20221222-WA0014-300x300.jpg\" alt=\"\" class=\"wp-image-101\" srcset=\"https:\/\/lsv-p4f.de\/wp-content\/uploads\/2023\/01\/IMG-20221222-WA0014-300x300.jpg 300w, https:\/\/lsv-p4f.de\/wp-content\/uploads\/2023\/01\/IMG-20221222-WA0014-1024x1024.jpg 1024w, https:\/\/lsv-p4f.de\/wp-content\/uploads\/2023\/01\/IMG-20221222-WA0014-150x150.jpg 150w, https:\/\/lsv-p4f.de\/wp-content\/uploads\/2023\/01\/IMG-20221222-WA0014-768x768.jpg 768w, https:\/\/lsv-p4f.de\/wp-content\/uploads\/2023\/01\/IMG-20221222-WA0014-1536x1536.jpg 1536w, https:\/\/lsv-p4f.de\/wp-content\/uploads\/2023\/01\/IMG-20221222-WA0014.jpg 1600w\" sizes=\"(max-width: 300px) 100vw, 300px\" \/><\/figure><\/div>\n\n\n<p>Am 13. Januar 2023 fand die zweite Veranstaltung der Reihe statt zum Thema<\/p>\n\n\n\n<p><strong>&#8222;Echte F\u00f6rderung regionaler Lebensmittel&#8220;<\/strong>.<\/p>\n\n\n\n<p>F\u00fcr den aktiven Klimaschutz sind m\u00f6glichst kurze Transportwege und der Erhalt der heimischen Landwirtschaft (und somit der Lebensmittelproduktion) essentiell. Laut Umfragen finden auch die meisten Verbraucher:innen Regionalit\u00e4t wichtig. Der Markt greift diese Stimmung auf und bietet den Verbraucher:innen beim Einkaufen zahlreiche \u201eregionale\u201c Marken und Labels an. Tats\u00e4chlich k\u00f6nnen wir uns nicht darauf verlassen, dass regional ist, wo \u201eregional\u201c draufsteht. Es scheitert bereits an einer klaren Definition von \u201eregional\u201c. Ist das der gleiche Landkreis? Das gleiche Land? Oder der gleiche Kontinent? Zudem schm\u00fccken sich Discounter gerne mit derartigen Labels, ohne f\u00fcr eine echte F\u00f6rderung und Unterst\u00fctzung regionaler Landwirtschaft Verantwortung zu \u00fcbernehmen.&nbsp;<\/p>\n\n\n\n<p>Ziel der Veranstaltung war es, Ideen zu sammeln und Wege aufzuzeigen, wie wir den Wechsel zu \u201eechter Regionalit\u00e4t\u201c schaffen. Welche H\u00fcrden gibt es und welche M\u00f6glichkeiten haben wir als Verbraucher:innen? Wie k\u00f6nnen gro\u00dfe Verbraucher wie Krankenh\u00e4user oder Mensen in die Pflicht genommen werden, damit es im Sinne der Wirtschaftlichkeit auch zur Abnahme gro\u00dfer Mengen kommt?<\/p>\n\n\n\n<p>Wir bedanken uns f\u00fcr die informativen und anregenden Vortr\u00e4ge von Dr. Gesa Maschkowski (Ern\u00e4hrungswissenschaftlerin und Transformations-Expertin) und Frank Waskow (Verbraucherzentrale NRW).<\/p>\n\n\n\n<p>Im Anschluss gab es die M\u00f6glichkeit sich in Kleingruppen auszutauschen. Hier entstanden gute Gespr\u00e4che, es gab Raum f\u00fcr Ideen und es wurden Kontakte gekn\u00fcpft. Danach wurden die Fragen der Teilnehmer von den Referent:innen beantwortet.<\/p>\n\n\n\n<p><\/p>\n\n\n\n<p><strong>Im Folgenden stellen wir eine Aufzeichnung und die Folien der beiden Vortr\u00e4ge sowie die &#8222;Fragen und Antworten aus dem Chat&#8220; zur Verf\u00fcgung<\/strong><\/p>\n\n\n\n<p><\/p>\n\n\n\n<p><a href=\"https:\/\/www.youtube.com\/watch?v=HLGCbMSttQ0\" data-type=\"URL\" data-id=\"https:\/\/www.youtube.com\/watch?v=HLGCbMSttQ0\">Link zur Aufzeichnung der beiden Vortr\u00e4ge<\/a> (YouTube-Kanal des LsV)<\/p>\n\n\n\n<p><strong>Vortrags-Folien &#8222;Regionalit\u00e4t aus Sicht der Verbraucher:innen&#8220;<\/strong>, Frank Waskow, Verbraucherzentrale<\/p>\n\n\n\n<div data-wp-interactive=\"\" class=\"wp-block-file\"><object data-wp-bind--hidden=\"!selectors.core.file.hasPdfPreview\" hidden class=\"wp-block-file__embed\" data=\"https:\/\/lsv-p4f.de\/wp-content\/uploads\/2023\/01\/Vortrag-Waskow_Foerderung_regionale_LM_final_230120_131726.pdf\" type=\"application\/pdf\" style=\"width:100%;height:600px\" aria-label=\"Einbettung von Vortrag Waskow_F\u00f6rderung_regionale_LM_final_230120_131726.\"><\/object><a id=\"wp-block-file--media-fdd3ae69-6757-45f1-9159-ff7cfb83b7f4\" href=\"https:\/\/lsv-p4f.de\/wp-content\/uploads\/2023\/01\/Vortrag-Waskow_Foerderung_regionale_LM_final_230120_131726.pdf\">Vortrag Waskow_F\u00f6rderung_regionale_LM_final_230120_131726<\/a><a href=\"https:\/\/lsv-p4f.de\/wp-content\/uploads\/2023\/01\/Vortrag-Waskow_Foerderung_regionale_LM_final_230120_131726.pdf\" class=\"wp-block-file__button wp-element-button\" download aria-describedby=\"wp-block-file--media-fdd3ae69-6757-45f1-9159-ff7cfb83b7f4\">Herunterladen<\/a><\/div>\n\n\n\n<p><strong>Vortrags-Folien &#8222;Regionale Ern\u00e4hrungsstrategien&#8220;<\/strong>, Dr. Gesa Maschkowski, Ern\u00e4hrungswissenschaftlerin und Transformations-Expertin <\/p>\n\n\n\n<div data-wp-interactive=\"\" class=\"wp-block-file\"><object data-wp-bind--hidden=\"!selectors.core.file.hasPdfPreview\" hidden class=\"wp-block-file__embed\" data=\"https:\/\/lsv-p4f.de\/wp-content\/uploads\/2023\/01\/2022-01-13-Regionale-LM-Maschkowski-Ernaehrungstransformation.pdf\" type=\"application\/pdf\" style=\"width:100%;height:600px\" aria-label=\"Einbettung von 2022-01-13 Regionale LM-Maschkowski-Ern\u00e4hrungstransformation.\"><\/object><a id=\"wp-block-file--media-b184b8e4-4b9f-4d27-873c-3c56a1357ddb\" href=\"https:\/\/lsv-p4f.de\/wp-content\/uploads\/2023\/01\/2022-01-13-Regionale-LM-Maschkowski-Ernaehrungstransformation.pdf\">2022-01-13 Regionale LM-Maschkowski-Ern\u00e4hrungstransformation<\/a><a href=\"https:\/\/lsv-p4f.de\/wp-content\/uploads\/2023\/01\/2022-01-13-Regionale-LM-Maschkowski-Ernaehrungstransformation.pdf\" class=\"wp-block-file__button wp-element-button\" download aria-describedby=\"wp-block-file--media-b184b8e4-4b9f-4d27-873c-3c56a1357ddb\">Herunterladen<\/a><\/div>\n\n\n\n<p><\/p>\n\n\n\n<p>Hier finden Sie die <strong>Fragen und Antworten aus dem Chat<\/strong>: <br><a rel=\"noreferrer noopener\" href=\"https:\/\/docs.google.com\/document\/d\/1l2d16rdTq3rHloJsqtysNE7hQtW-Amx73wLzAWWE-_k\/edit?usp=sharing\" target=\"_blank\">https:\/\/docs.google.com\/document\/d\/1l2d16rdTq3rHloJsqtysNE7hQtW-Amx73wLzAWWE-_k\/edit?usp=sharing<\/a> <\/p>\n","protected":false},"excerpt":{"rendered":"<p>Am 13. Januar 2023 fand die zweite Veranstaltung der Reihe statt zum Thema &#8222;Echte F\u00f6rderung regionaler Lebensmittel&#8220;. F\u00fcr den aktiven Klimaschutz sind m\u00f6glichst kurze Transportwege und der Erhalt der heimischen Landwirtschaft (und somit der Lebensmittelproduktion) essentiell. Laut Umfragen finden auch die meisten Verbraucher:innen Regionalit\u00e4t wichtig. Der Markt greift diese Stimmung auf und bietet den Verbraucher:innen beim Einkaufen zahlreiche \u201eregionale\u201c Marken und Labels an. Tats\u00e4chlich k\u00f6nnen wir uns nicht darauf verlassen, dass regional ist, wo \u201eregional\u201c draufsteht. Es scheitert bereits an einer klaren Definition von \u201eregional\u201c. Ist das der gleiche Landkreis? Das gleiche Land? Oder der gleiche Kontinent? Zudem schm\u00fccken sich Discounter gerne mit derartigen Labels, ohne f\u00fcr eine echte F\u00f6rderung und Unterst\u00fctzung regionaler Landwirtschaft Verantwortung zu \u00fcbernehmen.&nbsp; Ziel der Veranstaltung war es, Ideen zu sammeln und Wege aufzuzeigen, wie wir den Wechsel zu \u201eechter Regionalit\u00e4t\u201c schaffen. Welche H\u00fcrden gibt es und welche M\u00f6glichkeiten haben wir als Verbraucher:innen? Wie k\u00f6nnen gro\u00dfe&hellip;<\/p>\n<p> <a class=\"more-link\" href=\"https:\/\/lsv-p4f.de\/index.php\/echte-foerderung-regionaler-lebensmittel\/\">Read more<\/a><\/p>\n","protected":false},"author":1,"featured_media":168,"parent":0,"menu_order":0,"comment_status":"closed","ping_status":"closed","template":"","meta":{"footnotes":""},"_links":{"self":[{"href":"https:\/\/lsv-p4f.de\/index.php\/wp-json\/wp\/v2\/pages\/115"}],"collection":[{"href":"https:\/\/lsv-p4f.de\/index.php\/wp-json\/wp\/v2\/pages"}],"about":[{"href":"https:\/\/lsv-p4f.de\/index.php\/wp-json\/wp\/v2\/types\/page"}],"author":[{"embeddable":true,"href":"https:\/\/lsv-p4f.de\/index.php\/wp-json\/wp\/v2\/users\/1"}],"replies":[{"embeddable":true,"href":"https:\/\/lsv-p4f.de\/index.php\/wp-json\/wp\/v2\/comments?post=115"}],"version-history":[{"count":20,"href":"https:\/\/lsv-p4f.de\/index.php\/wp-json\/wp\/v2\/pages\/115\/revisions"}],"predecessor-version":[{"id":194,"href":"https:\/\/lsv-p4f.de\/index.php\/wp-json\/wp\/v2\/pages\/115\/revisions\/194"}],"wp:featuredmedia":[{"embeddable":true,"href":"https:\/\/lsv-p4f.de\/index.php\/wp-json\/wp\/v2\/media\/168"}],"wp:attachment":[{"href":"https:\/\/lsv-p4f.de\/index.php\/wp-json\/wp\/v2\/media?parent=115"}],"curies":[{"name":"wp","href":"https:\/\/api.w.org\/{rel}","templated":true}]}}